of w(d)?
5, 7
What are the prime factors of 3/(((-18)/(-92))/3)?
2, 23
Let m(y) = 3*y. Let h be m(1). Let z = 18 + h. Suppose -k = -4*k + z. List the prime factors of k.
7
Let h(l) = l**3 + 14*l**2 - l - 2. List the prime factors of h(-14).
2, 3
What are the prime factors of 328/(-12)*(-3)/2?
41
Let c(y) = -y**3 - y + 8. Let u be c(0). Suppose 4*n - 20 = u. What are the prime factors of n?
7
Suppose -56 = -2*w - 0*w. Let g = 47 - w. List the prime factors of g.
19
Suppose 0 = w - 2*g - 253, 11*w + 3*g - 1056 = 7*w. What are the prime factors of w?
3, 29
Suppose 0 = -3*u - 5*y + 32, 0*u - 5*y = -2*u - 12. Suppose -2*x - 16 = -3*b, 0 = -u*b - 0*b - x + 25. List the prime factors of b.
2, 3
Let g = -9 - -17. Suppose 0 = -2*j + 60 - g. List the prime factors of j.
2, 13
Let k(c) = -c**2 + c - 1. Let f(l) = 3*l**2 - 2*l + 21. Let y(o) = f(o) + 2*k(o). List the prime factors of y(0).
19
Let r = -48 - -169. What are the prime factors of r?
11
Suppose -3*p = -6*p + 15. What are the prime factors of (1 + 12)/(p - 4)?
13
What are the prime factors of ((-34)/(-4))/(3/12)?
2, 17
Suppose -h + 45 = -0*h + 2*g, 4*h - 152 = -g. List the prime factors of h.
37
Let c = -14 + 21. List the prime factors of c.
7
Let v = 4 + -4. Let x = -8 - v. What are the prime factors of (-22)/(-4) + 4/x?
5
Let f be 6/(-1 - 5/(-2)). List the prime factors of 1*(179 - -1)/f.
3, 5
Let n be (-2)/(-4) + 14/4. Suppose -55 = -n*i + 65. What are the prime factors of i?
2, 3, 5
Let l = -25 + 82. List the prime factors of l.
3, 19
Let u be -3 + 24 + 4 + -3. Suppose 3*s = 5*s - 8, 5*s = a - u. List the prime factors of a.
2, 3, 7
What are the prime factors of (3 - (-605)/25)*(5 + 0)?
2, 17
Let g(r) = -2*r - 3. Suppose 4*y = -5*s - 12, 2*s = -5*y + 1 + 1. Let d be g(s). Suppose -2*o - d = -17. List the prime factors of o.
2, 3
Suppose 0*u = 3*u - 6. Suppose -4*p - 3 = -s, 2*p + p - s + u = 0. Let b(x) = -x + 1. What are the prime factors of b(p)?
2
Suppose t + 4*t + 30 = 0. Let n(a) = -a**2 - 9*a - 1. Let w be n(t). Suppose -v = -w - 4. List the prime factors of v.
3, 7
Let f(k) be the first derivative of -k**3/3 + 5*k**2 + 2*k + 1. List the prime factors of f(9).
11
Let t(l) = 299*l**3 - 8*l**2 + 7*l. What are the prime factors of t(1)?
2, 149
Let v(f) = 9*f**2 + 8*f - 27. List the prime factors of v(5).
2, 7, 17
Suppose 10 = 5*n, 5*j - 3*n + 2*n = 283. What are the prime factors of j?
3, 19
Let w(z) = z**2 - 6*z + 23. What are the prime factors of w(9)?
2, 5
Suppose 3*r - 5*j = -2*j, 0 = -4*r - 4*j - 8. Let g = r + -1. Let y = g + 4. List the prime factors of y.
2
Let u = 18 - 2. Let d = u + -2. Let m = 20 - d. What are the prime factors of m?
2, 3
Suppose 5*t + u = -3*u + 60, -2*u + 2 = -t. List the prime factors of t.
2
Let s(k) be the first derivative of -5*k**2 - 10*k - 8. List the prime factors of s(-5).
2, 5
Let k(a) = a**2 - 5*a - 4. What are the prime factors of k(-3)?
2, 5
Suppose 3*w - 6*w = -357. What are the prime factors of w?
7, 17
Let k be ((-121)/22)/(1/10). Let j = 77 + k. List the prime factors of j.
2, 11
Suppose 4*l - 36 = -5*u, -2*l + 1 = -3*u + 5. Suppose -u*o + 1 = -31. What are the prime factors of o?
2
Let t(f) = -32*f - 2 + 3 + 8 + 24*f. List the prime factors of t(-4).
41
Let k = 1 - -1. Suppose -2*s = -4*l + k, 2*l = l + s - 2. List the prime factors of l.
3
Let h be (0 + -1)*4/4. List the prime factors of (-5 + 2)/h + 13.
2
Let t = -5 + 9. Suppose 0 = 2*f - 3*f - t. Let g = f + 18. What are the prime factors of g?
2, 7
Let g(s) = -s - 6. Let d be g(-6). Suppose 4*o + 16 = 2*k + 8*o, d = -5*k + 2*o + 40. Suppose u - k = -2. What are the prime factors of u?
2, 3
Suppose 29 + 15 = 4*v. Suppose 0*l + 2*l = -6. Let f = l + v. What are the prime factors of f?
2
Let k(x) = 16*x**2 + 7. List the prime factors of k(-3).
151
Let m(z) = -7*z**3 + 3*z**2 + 6*z + 2. What are the prime factors of m(-2)?
2, 29
Let q(f) = -f**3 + 6*f**2 + 7*f + 7. Let g be q(7). Let t = 4 + g. Suppose -4*d = t - 39. What are the prime factors of d?
7
Suppose 5*w = -s + 38, -w = 4*s - 6*w - 77. What are the prime factors of s?
23
Let u be (-118)/(-6)*162/9. List the prime factors of (-4)/(-6) - u/(-9).
2, 5
Suppose 2*f = 2*t - 0*f - 30, -3*f - 11 = -t. Let v = t + -8. List the prime factors of v.
3
Suppose -2*d + 2 = 0, 28 = 3*h + 5*d + 11. What are the prime factors of h?
2
Let n(c) be the first derivative of 20*c**3/3 - c + 6. List the prime factors of n(1).
19
Let o = 17 + -16. List the prime factors of o - 2 - 40/(-8).
2
Let j be -2 + (-2)/(-2) + -1. Let o(t) = -11*t - 1. List the prime factors of o(j).
3, 7
Let z = -5 - -5. Suppose 4*r - 12 = -z. Suppose 2*j + 3*o - 3 = -1, 0 = -3*j - r*o + 9. List the prime factors of j.
7
Let w(i) = i - 2. Let n be w(5). Suppose -6 + n = -d + 2*a, -5*d + 2*a = -55. List the prime factors of d.
13
Suppose 4*z = 2*w - 8, 0 = -0*w + w - 3*z - 1. Suppose -8 - w = 3*p. Let y = p - -14. What are the prime factors of y?
2
Let a(m) = 3*m**3. Let n be a(1). Suppose 2*s + 5*h - 84 = 0, -s + 5*h + 24 = n*h. Suppose -4 = -3*r + s. List the prime factors of r.
2, 3
Suppose 0 = -5*x + 874 - 99. What are the prime factors of x?
5, 31
Let r = -3 - -19. Let z be (-1)/(125/30 - 4). Let l = r + z. List the prime factors of l.
2, 5
Let v(f) = -12*f - 2. Let i be v(7). List the prime factors of (-2)/(-11) - i/11.
2
Let g(x) = -x**3 - 2*x**2 + 4*x. Let c be g(-3). List the prime factors of 0/(c - -2) - -7.
7
Let t(c) = -c**2 - 12*c - 16. Let x be t(-10). Suppose 2*h + 10 = 4*h. Suppose -h*z - 3*m = -92 - 26, 0 = 5*z + x*m - 119. List the prime factors of z.
23
Let d be 1215/63 - (-2)/(-7). Let n = 4 + d. List the prime factors of n.
23
What are the prime factors of ((-4)/4 - 1)/((-1)/9)?
2, 3
Let o(d) = -d**3 + 5*d**2 + 3*d + 3. What are the prime factors of o(3)?
2, 3, 5
Let h(o) = -2*o**2 + 3*o - 5*o**2 + o**3 - 9 + 0*o. List the prime factors of h(7).
2, 3
Let z(b) = 46*b**2 - 3*b - 2. What are the prime factors of z(-1)?
47
Let l(b) = -b**3 + 13*b + 12*b**2 - 1 + 4*b - 14. What are the prime factors of l(13)?
37
List the prime factors of 48*(3 + (-18)/8).
2, 3
What are the prime factors of 4 - ((-4)/2 - 1)?
7
Let q = 2 + -21. Let z = -9 - q. List the prime factors of z.
2, 5
Let g = -131 - -223. What are the prime factors of g?
2, 23
Suppose 0*x = 3*x + 2*h + 99, 2*h - 111 = 3*x. Let a = 62 + x. What are the prime factors of a/4 - (-3)/12?
7
Let t = 73 - 29. List the prime factors of t.
2, 11
Suppose 2*s - 3*l - 84 = 7, 4*l = -4*s + 132. List the prime factors of s.
2, 19
Let n = 2 + 0. Let v(w) = 6*w + 2. What are the prime factors of v(n)?
2, 7
Let x = -2 - -4. Suppose 5*q = x*q + 24. Suppose d + 4 = q. What are the prime factors of d?
2
Suppose 4*b - 4*y = -7*y + 479, -2*y - 6 = 0. List the prime factors of b.
2, 61
Let h be (-3 + 1/1)*-1. Suppose -t + h*t - 15 = 0. List the prime factors of t.
3, 5
Let p(k) = -k**3 - k**2 + 7. Let f = 8 + -4. Let u = f - 4. List the prime factors of p(u).
7
Suppose -3*i - 3*r + 12 = 0, -3*i + 7*i - 10 = 2*r. Suppose 3*k - i*u - 150 = 0, 5*k + 5*u - 2*u = 250. What are the prime factors of k?
2, 5
Let f(k) = 2*k**2 - 2*k - 12. Let y(j) = 3*j**2 - 3*j - 18. Let l(c) = 8*f(c) - 5*y(c). List the prime factors of l(5).
2, 7
Suppose 33*j - 28*j = 1080. List the prime factors of j.
2, 3
Suppose 0 = -4*l - 3*m + 135, -3*m - 76 + 1 = -3*l. Let g = l - 18. What are the prime factors of (20/g)/((-1)/(-3))?
5
Let a = -87 + 60. What are the prime factors of (-2)/(6/a) + 3?
2, 3
Suppose x + 2*x - 42 = 0. Suppose -2 = 3*k - x. Suppose -k*l + 36 = -0*l. What are the prime factors of l?
3
Let t(x) = x**3 + 9*x**2 + 8*x - 3. Let l = -8 - 0. Let s be t(l). What are the prime factors of 1 + (s + 12)*1?
2, 5
Let n(u) = -u**3 - 10*u**2 - 2*u + 3. Let k be n(-10). Let h = k + -16. List the prime factors of h.
7
Let d(w) = 2*w + 0 + 3 - 2 - 3*w. Let f be d(2). List the prime factors of ((f - -4) + -1)*5.
2, 5
Suppose -6*g = -g - 10. Let z = -1 - g. Let a = z - -12. What are the prime factors of a?
3
Suppose 8 = 4*j + 4*i, -2*i = 3*j - 6*i - 6. Let c = 1 + j. Suppose 0 = -t + 5*q - 7 - 5, -c*t + 12 = q. What are the prime factors of t?
3
Let a(l) = l**2 + 8*l + 4. Let b be a(-8). Suppose -2*t + 21 = 5*g, -3*g + b + 14 = 3*t. What are the prime factors 